et y(p) = -p - 5 + 4 - f - 1. Give y(-5).
2
Let v(h) = h**3 - h**2 + 5*h. Let l(f) = -3*f**3 + 4*f**2 - 14*f + 1. Let z(s) = 4*l(s) + 11*v(s). Give z(5).
-1
Let a(u) = 5 - 2*u**2 - 3*u + 0*u + u**2. Let c be (-15)/9*(-3)/1. Suppose 5*i = 5, 5 + 8 = -2*o + c*i. Give a(o).
1
Let c = 6 + -1. Suppose -3*r - 6 = -v - 2*v, 0 = -c*r + 2*v + 2. Let k(u) = -6 + r*u + 3 + 2*u. What is k(3)?
9
Let w(x) = -x**3 + 18*x**2 - 2*x + 39. Let t be w(18). Let f(m) be the second derivative of -m**5/20 + m**4/12 + 2*m**3/3 + m**2/2 - m. Calculate f(t).
-5
Let o = -8 + 11. Suppose 0*h + 4*p = 3*h - 13, 4*h - o*p = 15. Let l(c) = -c**2 + 2*c + 3. Give l(h).
0
Let q(t) = t. Let h = 7 + -6. Let r = -1 + h. What is q(r)?
0
Let b be (-1 - -1)/((-2)/1). Let g(d) = -2*d + d**2 + 0*d + b*d - 3. Let m be 7/2 + (-26)/52. Determine g(m).
0
Let x(o) = 6*o + 5 - o**2 - 4 + 2 - 10*o. Determine x(-4).
3
Suppose -3*f + 46 = -5*b, 5*f - 3*b = -0*b + 66. Suppose d + d + f = 0. Let x be 68/18 - d/27. Let j(w) = -w + 1. Give j(x).
-3
Suppose 6 = -2*d + 14. Let n(s) be the second derivative of -s - 1/12*s**4 + 0 + 1/2*s**3 + 2*s**2. Calculate n(d).
0
Let w be (-5)/((3 - 2)*-1). Let d(c) be the third derivative of c**4/12 - 7*c**3/6 - 2*c**2. Determine d(w).
3
Let t(h) = -4 - h + h - 6*h. Determine t(-3).
14
Let d(s) = 2*s**2 + 11*s - 6. Let j(v) = v**2 + 9*v - 5. Let i(y) = 4*d(y) - 5*j(y). Determine i(1).
3
Let o(d) be the second derivative of 10*d**3/3 + d**2/2 - 28*d. What is o(1)?
21
Let v(z) = 8*z - 5*z**2 + 8 - 9 + z**3 - 2*z. Let l = 3 - 9. Let r = 10 + l. Determine v(r).
7
Let g = -3 - -3. Let c be (4 - 0) + (-18)/9. Let s(h) = 0*h - c + 6 + 1 - h. Determine s(g).
5
Let o(i) = -1 + 2 + 2*i - 1. Calculate o(4).
8
Let a(m) be the third derivative of -7*m**4/12 - m**3/6 - 5*m**2. What is a(1)?
-15
Let v(m) be the second derivative of m**5/20 - m**4/2 - 4*m. What is v(6)?
0
Suppose 4*a = -5*b + 21, 0 = 3*b + 3*a - 6 - 9. Let m(r) be the first derivative of -b + r + 3/2*r**2. Give m(2).
7
Let k(g) = 3*g + 10 - 3 - 4*g. Let o be (2/(-5))/((-15)/225). Give k(o).
1
Suppose s = -s. Suppose 6*b - 3*b = s. Let v(a) = -4*a**3 + b*a + 0*a**3 - a. What is v(1)?
-5
Let b(t) = -2*t + 4*t**2 - 94 + 91 - 5*t**2. Calculate b(-2).
-3
Let n(b) be the first derivative of -1 + 1/2*b**2 + 4/3*b**3 - 1/4*b**4 - 3*b. What is n(4)?
1
Let c(f) = -f**3 - 6*f**2 + 7*f + 3. Let g be c(-7). Let i be (-1)/(-2 + 9/5). Let x(y) = 3*y**2 - 2*y - i*y**3 + 4*y**3 + 5 - 3. Calculate x(g).
-4
Let j(w) = -w + 1. Let c(y) = 2*y**2 - 8*y + 5. Let l(g) = c(g) - 4*j(g). Give l(3).
7
Let s(a) = -6*a. Let u be s(3). Let t = 11 + u. Let l = t + 9. Let o(x) = x**3 - x + 2. Calculate o(l).
8
Let c(u) be the second derivative of -2*u + 0 - 2*u**2 + 1/2*u**3. Calculate c(3).
5
Let r(u) = u + 1. Let v be r(-8). Let g = -6 - v. Let d(k) = k**2 + 2*k + 4. Let a(h) = 1. Let c(s) = 5*a(s) - d(s). Calculate c(g).
-2
Suppose -2*d - x + 10 = 0, 0*d = -5*d + 2*x + 7. Let u(s) = -s**3 + 4*s**2 - 5*s + 4. Calculate u(d).
-2
Let d(y) = y + 7. Let n be (1 - 4)/(-1 - 0). Suppose h = -n*h. Calculate d(h).
7
Let g(r) = r**2 - 9*r. Let c(p) = -p**2 + 8*p. Let x(a) = 7*c(a) + 6*g(a). Give x(-2).
-8
Let t = 39 - 42. Let j(m) = -2*m**3 - 4*m**2 + m. Give j(t).
15
Let i(l) = 7*l**2 - 9*l + 17. Let j(v) = 7*v**2 - v + 4. Let h(g) = 6*g**2 - 2*g + 5. Let y(z) = 4*h(z) - 3*j(z). Let w(t) = -2*i(t) + 5*y(t). Give w(6).
0
Let c(k) = -5*k**2 - 6*k + 9. Let v(d) = 4*d**2 + 5*d - 8. Let y(a) = 3*c(a) + 4*v(a). Suppose -2*m + 4*m + 10 = 0. What is y(m)?
10
Suppose -4*l - 3*c + 36 = -l, -3*l = -5*c - 4. Let o = l - 7. Let r(d) = -4 - 6*d**2 - d + 3*d + 4 - o. What is r(1)?
-5
Let x(f) = -f + 3. Let i be (-5)/(-2)*2 + 0. Suppose 20 = -2*s + 8. Let m(y) = -y + 2. Let t(j) = i*x(j) + s*m(j). What is t(-4)?
-1
Let i(n) = n**3 - 3*n**2 - n - 1. Let m(v) = -v**2 + 3*v + 1. Let x be m(4). Let y = 6 + x. Give i(y).
-4
Let p(c) = -4*c + 4*c - 5*c + 0*c - 6*c**2 - c**3. Let d be p(-5). Let r(y) be the third derivative of y**6/120 + y**5/60 - y**3/2 + 2*y**2. Give r(d).
-3
Let v(o) = -o - 7. Let i be v(-10). Let g(p) = -3*p + 0*p**3 - 17*p**2 + 15*p**2 + p**3. Calculate g(i).
0
Let b(q) be the third derivative of q**6/120 - q**5/12 - q**4/4 + q**3/3 + 59*q**2. Suppose -u - 2*u = -18. Determine b(u).
2
Let c = -222 + 212. Let v(t) = 2*t + 16. Give v(c).
-4
Suppose 3*k = -4*i + 11, 2*k = 4*i - 9 + 3. Let y(l) = 2*l**3 - l**2 - 3*l + 1. What is y(i)?
7
Let q(r) = 0 + 0 - 5 + 1 - r. Let p be 3/(-4 + 1)*-3. Determine q(p).
-7
Suppose 14*n + 4 = 10*n. Let k(x) = 5*x. Suppose i + 3 = y - 0, 4*i + 18 = -2*y. Let r(p) = -2*p. Let j(v) = i*k(v) - 14*r(v). What is j(n)?
-8
Let y(u) be the second derivative of u**4/12 - u**3 + 5*u**2/2 - 23*u. Calculate y(6).
5
Let m = -17 - -37. Let u = m - 13. Suppose 5*j = -2*f + 5, u*j - 3*f - 5 = 2*j. Let o(g) = -11*g**2 + g. Give o(j).
-10
Let c = -14 + 20. Let k(g) = -g + 8. Let d be k(c). Let a(h) be the third derivative of h**4/24 - h**3/6 + 3*h**2. Determine a(d).
1
Let w(b) be the second derivative of b**5/20 + b**4/6 - b**3/2 + 3*b**2/2 + 15*b. Give w(-3).
3
Let u(s) = 4*s - 1 + 1 - 3*s. Let b = -15 + 17. Determine u(b).
2
Let s(n) = n + 2. Suppose 2*f - 6*f = 0. What is s(f)?
2
Let g = -34 + 64. Suppose -6 = -4*r + 2*w, 4*r = -r - 2*w + g. Let u(p) = -p**3 + 3*p**2 + 4*p - 5. Give u(r).
-5
Let d be (-4)/(-18) + (-11)/9. Let x be (-12)/(-2) + d + 1. Let u be (-8)/3*x/(-4). Let j(a) = -a**3 + 4*a**2 + a + 4. Give j(u).
8
Let q(t) = t**2 + 17*t + 7. Let r(a) = 2*a**2 + 33*a + 15. Let n(j) = -11*q(j) + 6*r(j). Calculate n(-9).
-5
Let f be 9/4 - (-3)/(-12). Suppose -2*x + 2 = -3*k + 3, -k + 3 = f*x. Let i(d) be the third derivative of -d**4/24 - 3*d**2. Give i(k).
-1
Suppose 0 = 4*s - 12 - 0. Let p(z) = 7*z**2 + z - 8. Let a(b) = 13*b**2 + 2*b - 15. Let k(f) = -6*a(f) + 11*p(f). Calculate k(s).
-10
Let x(a) = -4 - 1 + 4 - 3*a - a**2. Let c = -6 - -4. Give x(c).
1
Let t(o) = -o**3 - 2*o**2 + 3*o - 1. Let r be 2/((-2)/(1 + 1)). Let z(i) = 21*i**3 - 2*i + 2. Let f be z(1). Let v be (-69)/f - r/7. Determine t(v).
-1
Let f(d) = d. Let p = 7 - 3. Suppose o + p = 2*o. Determine f(o).
4
Let p(c) = -9*c**2. Let z(g) = -2*g + 7. Let u be z(4). Calculate p(u).
-9
Let t(w) = w + 2. Let a be ((6 - 2)/(-2))/(-1). Let q be t(a). Let k(h) be the third derivative of -h**4/8 + h**3/3 - h**2. What is k(q)?
-10
Let a(p) be the second derivative of -p**5/60 + p**4/4 - p**3 + p**2 + 2*p. Let k(g) be the first derivative of a(g). Let u be -1 + 1 - 15/(-3). Give k(u).
-1
Let c(t) be the third derivative of -t**5/60 - t**4/12 - t**3/6 - 5*t**2. Determine c(-2).
-1
Let t = -15 - -19. Let r(g) = 2*g**2 - 5*g - 4. What is r(t)?
8
Suppose 4*q + 24 = q. Let o(m) = m + 8. What is o(q)?
0
Let w(r) = -r**2 - 4*r. Suppose 5 = -q - 2*a - 2*a, -5 = q + 2*a. Calculate w(q).
-5
Let m(t) = -t**2 - 11*t + 15. Let p be m(-11). Suppose -p = -4*w + 1. Let i(x) be the first derivative of -x**2/2 - 1. What is i(w)?
-4
Let l = -41 + 39. Let c(b) = -b**3 - 3*b**2 - 2*b + 1. Calculate c(l).
1
Let l(o) = o**2 - 2*o - 4. Let w(a) = a**2 + 3*a + 1. Let z be w(-3). Let v = z - -4. Calculate l(v).
11
Let p = 10 + -7. Let d(r) = -3*r + 3*r + p + r - 3*r. What is d(4)?
-5
Let z be -1*(2 - 1 - -4). Let k = 8 + z. Let v(j) = -j + 4. Calculate v(k).
1
Let p be (1 - -4)*18/15. Let n(i) = p*i + 4 - 7*i - 2. Give n(2).
0
Let m(a) be the second derivative of a**5/20 - 11*a**4/12 - 2*a**3 + 3*a**2/2 - 3*a. Let f be m(12). Let z(p) = -4*p - 3. Determine z(f).
-15
Let k(l) = 2*l**2 + 0*l - 14*l - 1 + 15*l. Determine k(2).
9
Suppose -5*i - 128 = -i. Let t be (-2)/(-5) + i/(-20). Let s(z) = 3*z**2 - 3*z + 1. Determine s(t).
7
Let c(d) = -d**2 - 18*d - 24. Let b be c(-17). Let a(q) = q**2 + 9*q + 2. Determine a(b).
-12
Let c(z) = 2*z + 2 - 3*z + 0. Let j(s) be the first derivative of s**3/3 + s**2/2 - 1. Let v be j(-2). Give c(v).
0
Let d(z) = z + 7. Let c be d(-10). Let k be (c - -4) + (-1 - 1). Let v(f) = 4*f + 1. Calculate v(k).
-3
Let c(j) be the third derivative of j**5/40 - j**4/6 - j**3/3 - 2*j**2. Let i(q) be the first derivative of c(q). Let w be 3 + 0 + (-5 - -5). Give i(w).
5
Let r(j) be the second derivative of j**7/1260 - j**6/720 + j**4/12 - 3*j. Let h(l) be the third derivative of r(l). 